d - 15. Is d a composite number?
True
Suppose -5*f = 1322 - 8997. Is f prime?
False
Let j = -8 - -4. Let v(l) = -l**3 - 5*l**2 - 4*l - 2. Let x be v(j). Is x/4*(-62 - 0) composite?
False
Suppose 0 = 3*k - 5*k + 1754. Is k a prime number?
True
Let k(h) = 13*h**2 - h + 1. Let o be (4/5)/((-2)/(-5)). Is k(o) a composite number?
True
Suppose -4*x = 2*b - 6*b + 1260, 4*b - 1296 = -5*x. Is b a prime number?
False
Let a be (3/(-9))/((-2)/618). Let o be (-3)/(-2)*(-1 + -37). Let r = a + o. Is r a composite number?
True
Let d(b) = -b**3 + 8*b**2 - 4*b. Let r be d(7). Let a = r + 28. Suppose i = k - a, -35 - 23 = -k + 4*i. Is k prime?
False
Let x = 1278 + -643. Is x prime?
False
Suppose 884 = -2*t - 804. Is t/(-16) - 1/(-4) a composite number?
False
Is (-2 - -2 - -4) + 331 a prime number?
False
Suppose 2*t = -2*t + 148. Is t a prime number?
True
Is (3 + -398)*(-21)/35 composite?
True
Let w(r) = -r**2 - 11*r - 5. Let l be w(-10). Suppose 3 = -p, 0 = 4*m - 0*m + l*p - 117. Is m a prime number?
False
Suppose -4*u - 4*k - 4 = -0*u, 3 = -3*k. Suppose 2*n - 7*n + 125 = u. Is n a prime number?
False
Let a(j) = -31*j - 8*j - 1 + 4. Is a(-4) composite?
True
Suppose -5*b - 1072 = -n - 281, 3*n = -3*b - 489. Let a = 350 + b. Is a prime?
True
Is ((-178)/(-4))/(16/32) composite?
False
Suppose -3*k = 3*x + 948, 2*x + 273 = k - 374. Let q = x + 525. Suppose 3*y - q = -y. Is y a prime number?
False
Let s(d) = 38*d + 2. Let f be s(-2). Is (f/8)/(6/(-24)) a composite number?
False
Let g be (4/(-10))/((-1)/5). Suppose m - 4*m + 174 = -w, -g*w = 4*m - 232. Is m composite?
True
Is (3/(-4))/((-4)/2384) a prime number?
False
Suppose 5 - 1 = 2*t. Suppose 0 = 5*s + 5*i - 45, 29 = 5*s - s - 3*i. Let l = t + s. Is l composite?
True
Let i(r) = 33 - 3*r - 2*r**2 - 35 - 4*r**3 + 2*r**2. Is i(-3) a prime number?
False
Let g(v) = 13*v**3 - 4*v**2 + 2*v - 3. Let b be g(3). Let n = b + -205. Is n a composite number?
False
Is (-2 + 1 - -2)/((-1)/(-691)) a prime number?
True
Suppose -2*r + d = 2*d - 1, 5*r = -5*d - 10. Suppose 0*w + r*w = 159. Is w composite?
False
Let t = -14 + 21. Let j = t + 16. Is j prime?
True
Suppose -291 = 11*i - 14*i. Is i a prime number?
True
Let j(o) = o**2 + 5*o + 4. Let d be j(-6). Let x = d - -6. Is 86/8 - (-4)/x composite?
False
Let p(v) be the third derivative of -v**5/60 + v**4/3 + 5*v**3/6 + v**2. Let a be p(8). Suppose a*o - 99 = 2*o. Is o a composite number?
True
Suppose 5*k = 341 + 24. Suppose 0*o = -o + k. Suppose 2*t - o = -r, -2*r = 2*t + 45 - 185. Is r prime?
True
Let n = 64 + -46. Let g be (-210)/(-27) - (-4)/n. Is (-1)/(-4) + 422/g a composite number?
False
Let o be (2 + -1)/1 - 2. Let c = o + 1. Suppose f - 2 = -c*f. Is f a composite number?
False
Suppose -14*j = -18*j - 104. Let k = 61 + j. Is k a prime number?
False
Suppose -5*m = -2*m - 1086. Let k = m - 177. Is k a composite number?
True
Let x be (8 - 6)*6/4. Suppose 57 = n + 4*u, 4*n + x*u = -u + 168. Is n a composite number?
False
Let z = 286 - 36. Suppose -5*i = -385 - z. Is i a prime number?
True
Let z = -5 + 2. Let i(s) = -s - 5. Let g be i(z). Is (0/g)/(-1) + 9 a composite number?
True
Suppose 5*h - 13*h = -2104. Is h a composite number?
False
Let c(v) = 130*v - 1. Is c(8) a prime number?
True
Let o(d) = 2367*d - 10. Is o(3) composite?
True
Suppose 4*t - 3*n - 29 = 0, 5*t - 16 = -0*t - 3*n. Suppose 2*i - 6*i - 176 = -2*b, -t*i - 267 = -3*b. Is b a prime number?
False
Is 2 + (-61)/(-3) + 8/12 a composite number?
False
Let o(i) be the first derivative of i**3/3 + i**2/2 + 5*i + 1. Let l be 9/(9/(-6)*1). Is o(l) prime?
False
Suppose 56 + 32 = -2*p. Is ((-3)/(-6))/((-1)/p) composite?
True
Let g(p) = 306*p**2 + 2*p - 1. Let z be ((-3)/6)/(3/(-6)). Is g(z) composite?
False
Suppose -4*q + 15079 - 3147 = 0. Is q a composite number?
True
Suppose -7 = 2*j - 3. Let v be -5 + (j + 1 - -2). Is (37/v)/((-2)/8) composite?
False
Let b = 113 - 43. Let x = b - -17. Is x a prime number?
False
Let c(i) = i**2 - 7*i - 11. Let l be c(8). Let q = 0 - l. Let m(x) = 15*x**2 - x - 1. Is m(q) a composite number?
False
Suppose z = -0*z. Let g = -4 + 6. Let n = g + z. Is n a composite number?
False
Suppose 0 = -3*k + 6966 - 807. Is k prime?
True
Let j(w) = 34*w - 5. Let y be 5/2*48/20. Is j(y) a composite number?
False
Suppose 236 = 3*s - 361. Is s composite?
False
Let n(k) = k + 1. Let f be n(-2). Let x be (f - 1) + 123/1. Suppose -x - 187 = -4*o. Is o composite?
True
Let q = 50 + 241. Suppose -2*h = h - q. Let j = h - 58. Is j composite?
True
Suppose -3*j + 2*j + 2 = 0. Suppose 2*b = b + j. Suppose 0 = b*y - 4 - 18. Is y composite?
False
Let x = -78 - -3. Is x/(-2) - 1/2 prime?
True
Let b be -1*2 - (-3 - -1). Let j be 55 - b - (0 + -2). Suppose 287 = 5*y - 4*s, -3*y + 4*y = s + j. Is y a prime number?
True
Suppose 5*l = -3*r + 1058, 2*l - r - 420 = r. Is l prime?
True
Let s = -3 - -2. Let z(t) = -11*t + 11*t - 1 + 11*t**2. Is z(s) composite?
True
Suppose -5 + 1 = 2*z. Is z/5 + (-5931)/(-15) a composite number?
True
Is (-5579)/14*(-4 + (-4)/(-2)) composite?
False
Let v = 31 + -31. Suppose 2*g = -m + 4, -7*m = -3*g - 3*m - 16. Suppose -4*o + v*o + 92 = g. Is o a composite number?
False
Is (-18)/(3/32*-2) + -3 prime?
False
Let s be 3*(-6)/9 + -1. Is s*(-1 - 84/9) composite?
False
Let p(k) = k**2 + 3*k - 10. Let s be p(-5). Suppose -4*l + 5*l - 485 = s. Is l composite?
True
Let o(n) = 22*n**3 - 4*n**2 + 5*n - 3. Is o(4) prime?
True
Let b(k) = k**3 - 9*k**2 + 4*k + 7. Is b(11) prime?
True
Let c(m) = -37*m + 7. Let r be c(13). Is (-1)/(-1 - 471/r) a composite number?
True
Let z(b) = -1048*b + 7. Is z(-3) prime?
False
Let p be 2 - -1 - (0 + 2). Let f be -4*p*(0 + 1). Let r(g) = g**2 + 5. Is r(f) composite?
True
Let w(k) = k + 2. Let d be w(-2). Suppose d = t + 4 - 18. Suppose 0*f + t = f. Is f a prime number?
False
Let g = -11 + 13. Suppose 0*c = 2*z + c - 114, -5*z + 287 = g*c. Is z a prime number?
True
Let p be ((-18)/15)/(6/20). Let k = p + 17. Is k prime?
True
Let s be (2/4)/(7/(-98)). Let i(j) = 69*j**3 + j + 3. Let w(t) = 137*t**3 + 2*t + 5. Let h(o) = s*i(o) + 4*w(o). Is h(1) a prime number?
False
Let z be ((-3)/6)/((-1)/4). Let n be (-10)/(-55) + z/(-11). Suppose 93 = 3*l - n*l. Is l a prime number?
True
Let u(z) be the third derivative of -z**5/60 - 5*z**4/24 + 7*z**3/6 + 3*z**2. Let s be u(-5). Let j(i) = 2*i - 7. Is j(s) a prime number?
True
Suppose -5*z + 145 = -0*z - c, -2*z + 61 = -c. Suppose -q - z = -h + 15, -5*h + 211 = -4*q. Let f = -16 + h. Is f prime?
True
Let o = -357 + 614. Is o prime?
True
Suppose a = -0 + 2. Suppose i + a*i + 4*v - 762 = 0, -5*i + 1270 = -4*v. Is i composite?
True
Suppose 3*g - 1261 = -5*j, j + j + g = 504. Is j a prime number?
True
Suppose 4*l - 8 = 0, 840 = 4*o - 4*l - 1092. Is o prime?
False
Let b = 4 - 4. Let r = 0 + b. Is 83 - (r - 0)/(-3) composite?
False
Suppose d - 5*d - 1444 = 0. Suppose 0 = 3*b + 5*o + 1558, 7*b - 4*o = 2*b - 2572. Let w = d - b. Is w prime?
False
Suppose -20 = -5*p, 2*v - 2*p - 1068 = -2*v. Is v a composite number?
False
Is ((-159)/(-6))/((-2)/(-4)) composite?
False
Let w(a) = -9*a - 11. Let t(u) = -9*u - 11. Let y(i) = 5*t(i) - 4*w(i). Is y(-10) composite?
False
Let f = 941 + 570. Is f a composite number?
False
Suppose -g + y = -y - 4, 0 = 2*g + 5*y - 8. Suppose s - 330 = -g*s. Let d = -29 + s. Is d prime?
True
Let z = 250 - -501. Is z composite?
False
Suppose 2095 = 3*s + 2*s. Suppose 6*o = 7*o - s. Is o composite?
False
Let c(b) = -b**3 - 2*b**2 + b + 1. Let r be c(-3). Let q = -7 + r. Suppose -x + 0*x + 79 = q. Is x a composite number?
False
Let z be 54/12 + 2/(-4). Let m be 51*(z/3 - 2). Let v = 53 + m. Is v prime?
True
Let d = -5 - -7. Suppose 0 = -j + d*j. Suppose j = -4*z - 1 + 9. Is z prime?
True
Let o(u) = 171*u - 7. Is o(4) a prime number?
True
Let z = -88 + 153. Is z a composite number?
True
Let w = 360 - 146. Is w prime?
False
Suppose -3*o + 970 = 2*c - 0*o, -1455 = -3*c + o. Is c a prime number?
False
Let n be -2 - ((-331)/1 - -3). Suppose 4*r + 2*l - 4*l = 1354, -3*l = -r + n. Is r composite?
True
Suppose 0*w - 28 = 4*w. Let r(j) = j**2 + 5*j + 9. Is r(w) prime?
True
Let p(c) = -c - 1. Let h be p(-3). Suppose -2*x + h + 20 = 0. Is x composite?
False
Suppose 0 = a - 2*a - 4. Let b(t) = -t - 3. Let d be b(a). Is 77 - (0 - -1 - d) a p